ate r(4).
6
Let y(j) = -j**3 - j**2 + 4. Determine y(2).
-8
Let v(g) = g**2 - g - 3. What is v(3)?
3
Let r(z) = -2*z**3 - z**2 - 6. Calculate r(0).
-6
Let p(c) = -15*c + 1. What is p(-4)?
61
Let j(u) = -2*u + 10. Calculate j(2).
6
Let x(o) = -7*o**2 + 149*o - 42. Determine x(21).
0
Let n(q) = -q**2 + 20*q - 68. Give n(16).
-4
Let a(f) = -f**3 - 15*f**2 - 5*f + 24. Determine a(-14).
-102
Let c(n) = -n**3 - 19*n**2 - 3*n - 64. What is c(-19)?
-7
Let z(v) = v + 7. Calculate z(-6).
1
Let k(c) = -c**3 + 18*c**2 + 16*c + 60. What is k(19)?
3
Let d(c) = -12*c - 11. Determine d(-11).
121
Let p(y) = 12*y - 82. Determine p(6).
-10
Let m(o) = -2*o - 2. What is m(-2)?
2
Let h(m) = 14*m + 14. Calculate h(-8).
-98
Let z(q) = 3*q + 27. Calculate z(-5).
12
Let r(k) = -23*k - 24. Calculate r(-1).
-1
Let u(l) = l**2 + 3*l - 555. Give u(22).
-5
Let q(r) = 4*r**3 + 15*r**2 + 8. Give q(-4).
-8
Let u(w) = -w**3 - 3*w**2 + 10*w + 15. Calculate u(-6).
63
Let b(g) = g - 2. What is b(0)?
-2
Let i(s) = 16*s**2 - 3*s - 7. Determine i(-2).
63
Let s(v) = -v**3 - 6*v**2 + 8*v + 4. Determine s(-6).
-44
Let s(d) = -4*d + 67. Give s(16).
3
Let g(k) = -k**2 + k - 1. Determine g(4).
-13
Let o(p) = p**2 + 11*p + 6. What is o(-4)?
-22
Let x(v) = -v**3 + 5*v**2 - 3*v - 5. Give x(4).
-1
Let m(k) = -13*k + 4. Give m(2).
-22
Let y(f) = f - 27. Determine y(19).
-8
Let w(a) = 2*a**2 + a - 55. Calculate w(-7).
36
Let h(f) = -f**3 + 8*f**2 - 3*f - 5. What is h(6)?
49
Let z(n) = 21*n + 485. Give z(-23).
2
Let c(f) = -f**2 - 14*f - 28. Calculate c(-12).
-4
Let k(h) = h + 11. Calculate k(0).
11
Let y(x) = -x**2 - 2*x - 2. Give y(-2).
-2
Let o(k) = -2*k**3 + 7*k**2 + 7*k - 7. Give o(4).
5
Let t(w) = w**3 - w**2 + 181. Determine t(0).
181
Let y(t) = t**3 + 9*t**2 + 5*t + 2. Determine y(-8).
26
Let g(s) = -s**3 - 4*s**2 + 3*s + 5. What is g(-4)?
-7
Let b(x) = -2*x - 1. Give b(2).
-5
Let o(y) = -y**3 - 15*y**2 - y - 4. What is o(-15)?
11
Let q(a) = -7*a - 41. Calculate q(-7).
8
Let v(x) = -x**3 + 7*x**2 - 2*x + 10. What is v(7)?
-4
Let v(r) = 5*r + 17. Give v(-4).
-3
Let j(l) = -l**2 + 3*l + 18. What is j(6)?
0
Let z(g) = g + 14. Calculate z(-17).
-3
Let s(b) = -10*b - 5. Determine s(-3).
25
Let u(n) = -3*n**2 + 4*n + 9. Give u(-2).
-11
Let n(g) = -g**2 - 19*g + 201. Determine n(7).
19
Let w(g) = 46*g - 365. Determine w(8).
3
Let t(b) = b**3 + 16*b**2 + 24*b + 2. Determine t(-14).
58
Let b(w) = -19*w - 2. What is b(2)?
-40
Let z(d) = 4*d - 3. What is z(2)?
5
Let z(j) = -41*j - 205. Give z(-5).
0
Let o(m) = -34*m + 139. What is o(4)?
3
Let y(c) = 2*c**2 - 33*c - 17. What is y(17)?
0
Let p(c) = -3*c**3 - 6*c**2 - 6*c - 14. What is p(-4)?
106
Let u(n) = 3*n + 91. Determine u(-26).
13
Let v(h) = -2*h**2 - 8*h + 90. What is v(-9)?
0
Let r(u) = 2*u**2 + 19*u + 11. Calculate r(-7).
-24
Let m(s) = -2*s**2 + 8*s - 8. What is m(4)?
-8
Let w(a) = -a**2 + a - 6. Determine w(6).
-36
Let o(v) = 2*v**3 - 6*v**2 + v - 3. Calculate o(4).
33
Let h(g) = -2*g**2 + 14*g + 7. Calculate h(8).
-9
Let w(u) = -u**2 - 6*u - 7. Give w(-3).
2
Let o(s) = -s**3 + 4*s**2 + 5*s + 4. Determine o(5).
4
Let a(l) = -6*l - 2. What is a(4)?
-26
Let u(l) = -l**3 - 3*l**2 - 4*l - 7. Give u(-5).
63
Let d(a) = -a**2 - 9*a + 8. What is d(-7)?
22
Let w(d) = -29*d**3 - 3*d**2 - 5*d - 3. Calculate w(-1).
28
Let j(f) = f**3 - 5*f**2 + 5*f - 1. Determine j(5).
24
Let q(o) = -3*o**2 + 3*o + 2. Determine q(-1).
-4
Let i(l) = -l**3 + 32*l**2 - 32*l + 35. Give i(31).
4
Let l(o) = o**3 - o**2 + 5*o - 2. Give l(3).
31
Let o(j) = -3*j**2 + 7*j + 1. Give o(5).
-39
Let a(v) = -4*v + 10. What is a(3)?
-2
Let i(c) = -14*c**2 - 2*c + 10. What is i(2)?
-50
Let o(w) = -w**2 - 13*w - 7. Give o(-11).
15
Let b(y) = y**3 - 5*y**2 - 9*y - 2. Give b(7).
33
Let b(n) = n**3 + 4*n**2 - 4*n + 11. Calculate b(-5).
6
Let b(l) = -l**3 - 13*l**2 + 13*l - 8. What is b(-14)?
6
Let r(h) = 5*h**2 + h + 2. What is r(-1)?
6
Let r(w) = w**2 - 22*w + 43. Calculate r(13).
-74
Let z(w) = -w**2 + w - 3. Give z(3).
-9
Let n(m) = -3*m**3 + 30*m**2 + 36*m - 36. Calculate n(11).
-3
Let m(n) = -n**2 + 11*n + 4. Give m(8).
28
Let y(p) = -p**2 - 19*p + 4. What is y(-15)?
64
Let y(v) = -2*v**2 - 29*v - 91. Give y(-9).
8
Let q(o) = -2*o**2 + 33*o - 13. Calculate q(16).
3
Let g(c) = 2*c**3 + 9*c**2 - 3*c - 3. Determine g(-5).
-13
Let o(q) = q - 11. Determine o(8).
-3
Let b(p) = 7*p + 19. Determine b(-2).
5
Let b(c) = -2*c**3 - c**2 + 6*c - 4. What is b(-3)?
23
Let q(j) = j**3 - 10*j**2 + 20*j + 7. What is q(7)?
0
Let g(p) = p + 11. Give g(-7).
4
Let f(s) = -s**2 + 21*s - 114. Determine f(12).
-6
Let n(r) = 3*r**2 + 5*r + 5. What is n(-3)?
17
Let r(z) = -z**2 + 4*z + 18. Determine r(6).
6
Let v(m) = m**3 + 7*m**2 + 4*m + 8. What is v(-6)?
20
Let g(h) = -h**2 + 13*h + 216. What is g(21)?
48
Let a(d) = -35*d + 551. Calculate a(16).
-9
Let o(r) = -r**2 - 15*r + 11. Calculate o(-15).
11
Let v(c) = 3*c + 31. Calculate v(-9).
4
Let b(s) = 5*s**2 - 18*s + 11. Calculate b(3).
2
Let w(u) = 7*u - 18. Calculate w(9).
45
Let t(n) = n + 26. Give t(-11).
15
Let c(a) = a**3 - 12*a**2 - 21*a - 99. Calculate c(14).
-1
Let y(z) = -z**3 + 8*z**2 - 9*z + 1. Give y(5).
31
Let o(d) = -d**3 - 11*d**2 + 14*d - 6. Calculate o(-12).
-30
Let p(c) = c**2 + 18*c + 12. Give p(-16).
-20
Let r(g) = -12*g**2 + 11*g - 38. Calculate r(3).
-113
Let p(f) = -f**2 - 6*f + 1. What is p(-4)?
9
Let q(v) = -4*v**3 - 3*v**2 - v. What is q(-2)?
22
Let g(r) = r**3 + 11*r**2 + 19*r + 21. Give g(-9).
12
Let u(a) = -5*a + 25. What is u(3)?
10
Let o(u) = 3*u + 14. Give o(-7).
-7
Let c(g) = 144*g + 1299. Determine c(-9).
3
Let d(n) = -6*n + 110. Determine d(18).
2
Let g(l) = l**2 - 22*l - 31. Determine g(23).
-8
Let a(c) = -24*c + 24. What is a(1)?
0
Let f(z) = 4*z + 32. Give f(-8).
0
Let d(v) = v - 15. Give d(3).
-12
Let r(f) = f**3 - 13*f**2 + 13*f - 27. Determine r(12).
-15
Let y(p) = -p**3 - 10*p**2 + 13*p + 17. What is y(-11)?
-5
Let v(m) = -3*m**3 + 4*m**2 - m - 2. Calculate v(2).
-12
Let m(c) = 3*c + 35. Give m(-9).
8
Let k(q) = 2*q**2 - 2*q + 3. Calculate k(3).
15
Let v(h) = h**3 - 32*h**2 + 57*h + 112. Determine v(30).
22
Let p(d) = -d**2 - 33. Give p(-7).
-82
Let a(k) = k**3 - 8*k**2 + 11*k - 10. Determine a(7).
18
Let t(p) = 10*p + 24. What is t(-5)?
-26
Let n(x) = -x**3 - 11*x**2 + 26*x + 3. Give n(-13).
3
Let n(a) = 38*a + 103. Calculate n(-3).
-11
Let s(v) = -v**3 - 17*v**2 - 56*v - 64. What is s(-13)?
-12
Let k(q) = -q**3 - 38*q**2 - 164*q + 37. What is k(-33)?
4
Let h(u) = u**2 - 12*u + 12. Calculate h(8).
-20
Let x(o) = -2*o**2 + 58*o - 52. What is x(28)?
4
Let s(y) = -y**2 - 17*y - 108. Calculate s(-9).
-36
Let p(q) = 2*q - 18. Give p(6).
-6
Let y(r) = -r**2 - 8*r - 22. Give y(-7).
-15
Let y(o) = -o**3 - o**2 + 2*o - 3. Calculate y(-3).
9
Let l(v) = -4*v + 28. Calculate l(6).
4
Let f(h) = h**2 - 6*h - 10. Calculate f(10).
30
Let u(i) = i**3 - 16*i**2 - 5*i + 24. Determine u(16).
-56
Let u(x) = 14*x + 19. Calculate u(8).
131
Let r(i) = 6*i + 4. Give r(-4).
-20
Let w(x) = -2*x**3 - 35*x**2 + 17*x - 40. Determine w(-18).
-22
Let h(w) = w**2 + w - 24. Calculate h(5).
6
Let s(i) = -i**3 + 6*i**2 + 7*i - 18. Calculate s(4).
42
Let d(c) = 2*c**2 + 20*c + 19. Determine d(-10).
19
Let l(v) = 14*v**3 + 1. Give l(-1).
-13
Let x(n) = n**3 + 9*n**2 - 12*n - 18. Give x(-10).
2
Let o(m) = -m**3 + 15*m**2 + 40*m + 14. What is o(17)?
116
Let r(t) = -t**2 - 12*t - 20. What is r(-7)?
15
Let o(m) = 2*m**3 - 25*m**2 + 9*m + 3. Calculate o(12).
-33
Let b(p) = 2*p**3 + 15*p**2 + 11*p + 21. What is b(-7)?
-7
Let x(a) = -a**2 - 10*a - 19. What is x(-7)?
2
Let v(z) = -z**3 - 14*z**2 + 15*z + 3. Calculate v(-15).
3
Let d(m) = m**2 + 2*m - 40. What is d(0)?
-40
Let f(z) = -z**2 - 16*z - 31. What is f(-13)?
8
Let m(o) = 5*o + 73. Calculate m(-15).
-2
Let t(v) = -2*v**2 + 27*v - 81. Calculate t(8).
7
Let i(v) = 5*v + 32. Determine i(-7).
-3
Let r(z) = 13*z - 106. Calculate r(8).
-2
Let f(z) = 90*z**3 + z**2 - z - 1. Calculate f(-1).
-89
Let d(z) = 12*z**3 + z. What is d(-1)?
-13
Let j(h) = -h - 5. What is j(-14)?
9
Let a(h) = 9*h - 96. Give a(20).
84
Let r(i) = 2*i**2 - 9*i - 3. Give r(7).
32
Let u(f) = -7*f + 21. Calculate u(9).
-42
Let a(s) = s**3 + 12*s**2 + 10*s - 48. Calculate a(-10).
52
Let x(l) = -2*l - 12. Determine x(-4).
-4
Let f(y) = -2*y